tors of 3599.
59, 61
What are the prime factors of 8482?
2, 4241
What are the prime factors of 7620?
2, 3, 5, 127
List the prime factors of 2615.
5, 523
What are the prime factors of 2970?
2, 3, 5, 11
List the prime factors of 81058.
2, 40529
List the prime factors of 31.
31
What are the prime factors of 49653?
3, 613
List the prime factors of 17597.
17597
What are the prime factors of 250?
2, 5
List the prime factors of 1876.
2, 7, 67
What are the prime factors of 198399?
3, 41, 1613
What are the prime factors of 20198?
2, 10099
List the prime factors of 44.
2, 11
What are the prime factors of 47808?
2, 3, 83
List the prime factors of 1032.
2, 3, 43
What are the prime factors of 487?
487
List the prime factors of 103400.
2, 5, 11, 47
What are the prime factors of 2016?
2, 3, 7
List the prime factors of 1306.
2, 653
What are the prime factors of 10978?
2, 11, 499
What are the prime factors of 8009?
8009
What are the prime factors of 3356?
2, 839
What are the prime factors of 16021?
37, 433
List the prime factors of 21824.
2, 11, 31
What are the prime factors of 2340?
2, 3, 5, 13
What are the prime factors of 10104?
2, 3, 421
What are the prime factors of 38271?
3, 12757
What are the prime factors of 2052?
2, 3, 19
List the prime factors of 23798.
2, 73, 163
List the prime factors of 372.
2, 3, 31
List the prime factors of 12975.
3, 5, 173
List the prime factors of 19137.
3, 6379
List the prime factors of 808.
2, 101
List the prime factors of 3876.
2, 3, 17, 19
What are the prime factors of 19197?
3, 79
List the prime factors of 101959.
11, 13, 23, 31
What are the prime factors of 2388?
2, 3, 199
List the prime factors of 21594.
2, 3, 59, 61
List the prime factors of 61627.
61627
What are the prime factors of 11264?
2, 11
What are the prime factors of 4050?
2, 3, 5
What are the prime factors of 133549?
13, 10273
What are the prime factors of 56068?
2, 107, 131
What are the prime factors of 971?
971
List the prime factors of 2046.
2, 3, 11, 31
What are the prime factors of 4999?
4999
What are the prime factors of 3117?
3, 1039
List the prime factors of 52383.
3, 19, 919
List the prime factors of 4788.
2, 3, 7, 19
List the prime factors of 1597.
1597
What are the prime factors of 586?
2, 293
List the prime factors of 2860.
2, 5, 11, 13
What are the prime factors of 16830?
2, 3, 5, 11, 17
List the prime factors of 2485.
5, 7, 71
List the prime factors of 2189.
11, 199
List the prime factors of 473.
11, 43
List the prime factors of 72.
2, 3
List the prime factors of 4860.
2, 3, 5
List the prime factors of 3286.
2, 31, 53
What are the prime factors of 7581?
3, 7, 19
What are the prime factors of 13455?
3, 5, 13, 23
List the prime factors of 2253.
3, 751
List the prime factors of 103878.
2, 3, 29, 199
What are the prime factors of 55167?
3, 7, 37, 71
What are the prime factors of 997?
997
List the prime factors of 299.
13, 23
List the prime factors of 304.
2, 19
List the prime factors of 62716.
2, 15679
What are the prime factors of 2768?
2, 173
What are the prime factors of 7599?
3, 17, 149
List the prime factors of 2239.
2239
What are the prime factors of 228?
2, 3, 19
What are the prime factors of 1360?
2, 5, 17
List the prime factors of 4846.
2, 2423
What are the prime factors of 6160?
2, 5, 7, 11
What are the prime factors of 2824?
2, 353
List the prime factors of 247.
13, 19
What are the prime factors of 5219?
17, 307
What are the prime factors of 2478?
2, 3, 7, 59
List the prime factors of 2871.
3, 11, 29
List the prime factors of 24358.
2, 19, 641
List the prime factors of 3719.
3719
List the prime factors of 15255.
3, 5, 113
What are the prime factors of 78599?
53, 1483
What are the prime factors of 10589?
10589
List the prime factors of 85862.
2, 7, 6133
What are the prime factors of 42746?
2, 11, 29, 67
What are the prime factors of 2474?
2, 1237
What are the prime factors of 3942?
2, 3, 73
What are the prime factors of 4918?
2, 2459
List the prime factors of 8220.
2, 3, 5, 137
List the prime factors of 576.
2, 3
List the prime factors of 2476.
2, 619
List the prime factors of 109066.
2, 23, 2371
List the prime factors of 10616.
2, 1327
What are the prime factors of 1522?
2, 761
What are the prime factors of 2714?
2, 23, 59
What are the prime factors of 3268?
2, 19, 43
List the prime factors of 988.
2, 13, 19
What are the prime factors of 4535?
5, 907
What are the prime factors of 36284?
2, 47, 193
What are the prime factors of 613?
613
List the prime factors of 23887.
23887
List the prime factors of 661.
661
List the prime factors of 95200.
2, 5, 7, 17
What are the prime factors of 3261?
3, 1087
What are the prime factors of 9421?
9421
List the prime factors of 203.
7, 29
List the prime factors of 13682.
2, 6841
What are the prime factors of 408?
2, 3, 17
What are the prime factors of 29058?
2, 3, 29, 167
List the prime factors of 264.
2, 3, 11
What are the prime factors of 2059?
29, 71
What are the prime factors of 14548?
2, 3637
What are the prime factors of 4838?
2, 41, 59
What are the prime factors of 25678?
2, 37, 347
What are the prime factors of 1277?
1277
List the prime factors of 190507.
190507
What are the prime factors of 46606?
2, 7, 3329
List the prime factors of 21049.
7, 31, 97
List the prime factors of 3333.
3, 11, 101
What are the prime factors of 12005?
5, 7
What are the prime factors of 11224?
2, 23, 61
List the prime factors of 5738.
2, 19, 151
List the prime factors of 1194.
2, 3, 199
List the prime factors of 2723.
7, 389
List the prime factors of 247.
13, 19
List the prime factors of 217.
7, 31
List the prime factors of 7031.
79, 89
What are the prime factors of 12328?
2, 23, 67
What are the prime factors of 1383?
3, 461
List the prime factors of 26684.
2, 7, 953
List the prime factors of 483.
3, 7, 23
List the prime factors of 802.
2, 401
List the prime factors of 76218.
2, 3, 12703
List the prime factors of 2202.
2, 3, 367
List the prime factors of 3037.
3037
What are the prime factors of 137866?
2, 29, 2377
What are the prime factors of 2581?
29, 89
List the prime factors of 141215.
5, 61, 463
List the prime factors of 726.
2, 3, 11
What are the prime factors of 61359?
3, 113, 181
What are the prime factors of 817?
19, 43
What are the prime factors of 904?
2, 113
List the prime factors of 1812.
2, 3, 151
What are the prime factors of 3909?
3, 1303
List the prime factors of 10620.
2, 3, 5, 59
What are the prime factors of 175539?
3, 7, 13, 643
List the prime factors of 18359.
11, 1669
List the prime factors of 6972.
2, 3, 7, 83
List the prime factors of 1479.
3, 17, 29
What are the prime factors of 3955?
5, 7, 113
List the prime factors of 1637.
1637
What are the prime factors of 2016?
2, 3, 7
List the prime factors of 4499.
11, 409
What are the prime factors of 39611?
11, 13, 277
What are the prime factors of 6202?
2, 7, 443
List the prime factors of 1460.
2, 5, 73
List the prime factors of 407.
11, 37
List the prime factors of 124768.
2, 7, 557
List the prime factors of 1716.
2, 3, 11, 13
List the prime factors of 6926.
2, 3463
List the prime factors of 189.
3, 7
What are the prime factors of 22058?
2, 41, 269
What are the prime factors of 21379?
21379
List the prime factors of 4170.
2, 3, 5, 139
What are the prime factors of 14780?
2, 5, 739
What are the prime factors of 10621?
13, 19, 43
What are the prime factors of 395?
5, 79
List the prime factors of 21713.
21713
List the prime factors of 1843.
19, 97
List the prime factors of 114137.
311, 367
What are the prime factors of 103780?
2, 5, 5189
List the prime factors of 109880.
2, 5, 41, 67
What are the prime factors of 681?
3, 227
What are the prime factors of 6289?
19, 331
What are the prime factors of 47936?
2, 7, 107
What are the prime factors of 33000?
2, 3, 5, 11
List the prime factors of 1450.
2, 5, 29
What are the prime factors of 7943?
13, 47
What are the prime factors of 37965?
3, 5, 2531
List the prime factors of 1130.
2, 5, 113
List the prime factors of 606.
2, 3, 101
List the prime factors of 1569.
3, 523
What are the prime factors of 17605?
5, 7, 503
What are the prime factors of 324?
2, 3
What are the prime factors of 5970?
2, 3, 5, 199
What are the prime factors of 1023?
3, 11, 31
What are the prime factors of 9294?
2, 3, 1549
What are the